{"version":"1.0","provider_name":"Naree Blog","provider_url":"https:\/\/naree.pl\/blog","author_name":"Justyna G\u00f3recka","author_url":"https:\/\/naree.pl\/blog\/author\/justyna-goreckanaree-pl\/","title":"Premiera kolekcji AW\u201925 | NAREE","type":"rich","width":600,"height":338,"html":"<blockquote class=\"wp-embedded-content\" data-secret=\"bvEsioKzW9\"><a href=\"https:\/\/naree.pl\/blog\/premiera-kolekcji-aw25-naree\/\">Premiera kolekcji AW\u201925. Spotkanie, kt\u00f3re po\u0142\u0105czy\u0142o kobiece \u015bwiaty<\/a><\/blockquote><iframe sandbox=\"allow-scripts\" security=\"restricted\" src=\"https:\/\/naree.pl\/blog\/premiera-kolekcji-aw25-naree\/embed\/#?secret=bvEsioKzW9\" width=\"600\" height=\"338\" title=\"&#8222;Premiera kolekcji AW\u201925. Spotkanie, kt\u00f3re po\u0142\u0105czy\u0142o kobiece \u015bwiaty&#8221; &#8212; Naree Blog\" data-secret=\"bvEsioKzW9\" frameborder=\"0\" marginwidth=\"0\" marginheight=\"0\" scrolling=\"no\" class=\"wp-embedded-content\"><\/iframe><script type=\"text\/javascript\">\n\/* <![CDATA[ *\/\n\/*! This file is auto-generated *\/\n!function(d,l){\"use strict\";l.querySelector&&d.addEventListener&&\"undefined\"!=typeof URL&&(d.wp=d.wp||{},d.wp.receiveEmbedMessage||(d.wp.receiveEmbedMessage=function(e){var t=e.data;if((t||t.secret||t.message||t.value)&&!\/[^a-zA-Z0-9]\/.test(t.secret)){for(var s,r,n,a=l.querySelectorAll('iframe[data-secret=\"'+t.secret+'\"]'),o=l.querySelectorAll('blockquote[data-secret=\"'+t.secret+'\"]'),c=new RegExp(\"^https?:$\",\"i\"),i=0;i<o.length;i++)o[i].style.display=\"none\";for(i=0;i<a.length;i++)s=a[i],e.source===s.contentWindow&&(s.removeAttribute(\"style\"),\"height\"===t.message?(1e3<(r=parseInt(t.value,10))?r=1e3:~~r<200&&(r=200),s.height=r):\"link\"===t.message&&(r=new URL(s.getAttribute(\"src\")),n=new URL(t.value),c.test(n.protocol))&&n.host===r.host&&l.activeElement===s&&(d.top.location.href=t.value))}},d.addEventListener(\"message\",d.wp.receiveEmbedMessage,!1),l.addEventListener(\"DOMContentLoaded\",function(){for(var e,t,s=l.querySelectorAll(\"iframe.wp-embedded-content\"),r=0;r<s.length;r++)(t=(e=s[r]).getAttribute(\"data-secret\"))||(t=Math.random().toString(36).substring(2,12),e.src+=\"#?secret=\"+t,e.setAttribute(\"data-secret\",t)),e.contentWindow.postMessage({message:\"ready\",secret:t},\"*\")},!1)))}(window,document);\n\/\/# sourceURL=https:\/\/naree.pl\/blog\/wp-includes\/js\/wp-embed.min.js\n\/* ]]> *\/\n<\/script>\n","thumbnail_url":"https:\/\/naree.pl\/blog\/wp-content\/uploads\/2025\/09\/glowne-800x1000pxgotowe.webp","thumbnail_width":800,"thumbnail_height":1000,"description":"Jesie\u0144 w NAREE rozpocz\u0119\u0142y\u015bmy w wyj\u0105tkowy spos\u00f3b \u2013 premier\u0105 kolekcji AW\u201925 \u201ePoza utartym szlakiem. Z Po\u0142udnia na P\u00f3\u0142noc\u201d."}

Justyna Górecka

<blockquote class="wp-embedded-content" data-secret="bvEsioKzW9"><a href="https://naree.pl/blog/premiera-kolekcji-aw25-naree/">Premiera kolekcji AW’25. Spotkanie, które połączyło kobiece światy</a></blockquote><iframe sandbox="allow-scripts" security="restricted" src="https://naree.pl/blog/premiera-kolekcji-aw25-naree/embed/#?secret=bvEsioKzW9" width="600" height="338" title="&#8222;Premiera kolekcji AW’25. Spotkanie, które połączyło kobiece światy&#8221; &#8212; Naree Blog" data-secret="bvEsioKzW9" frameborder="0" marginwidth="0" marginheight="0" scrolling="no" class="wp-embedded-content"></iframe><script type="text/javascript">
/* <![CDATA[ */
/*! This file is auto-generated */
!function(d,l){"use strict";l.querySelector&&d.addEventListener&&"undefined"!=typeof URL&&(d.wp=d.wp||{},d.wp.receiveEmbedMessage||(d.wp.receiveEmbedMessage=function(e){var t=e.data;if((t||t.secret||t.message||t.value)&&!/[^a-zA-Z0-9]/.test(t.secret)){for(var s,r,n,a=l.querySelectorAll('iframe[data-secret="'+t.secret+'"]'),o=l.querySelectorAll('blockquote[data-secret="'+t.secret+'"]'),c=new RegExp("^https?:$","i"),i=0;i<o.length;i++)o[i].style.display="none";for(i=0;i<a.length;i++)s=a[i],e.source===s.contentWindow&&(s.removeAttribute("style"),"height"===t.message?(1e3<(r=parseInt(t.value,10))?r=1e3:~~r<200&&(r=200),s.height=r):"link"===t.message&&(r=new URL(s.getAttribute("src")),n=new URL(t.value),c.test(n.protocol))&&n.host===r.host&&l.activeElement===s&&(d.top.location.href=t.value))}},d.addEventListener("message",d.wp.receiveEmbedMessage,!1),l.addEventListener("DOMContentLoaded",function(){for(var e,t,s=l.querySelectorAll("iframe.wp-embedded-content"),r=0;r<s.length;r++)(t=(e=s[r]).getAttribute("data-secret"))||(t=Math.random().toString(36).substring(2,12),e.src+="#?secret="+t,e.setAttribute("data-secret",t)),e.contentWindow.postMessage({message:"ready",secret:t},"*")},!1)))}(window,document);
//# sourceURL=https://naree.pl/blog/wp-includes/js/wp-embed.min.js
/* ]]> */
</script>

Jesień w NAREE rozpoczęłyśmy w wyjątkowy sposób – premierą kolekcji AW’25 „Poza utartym szlakiem. Z Południa na Północ”.
